33
In base 7, what is 12 - -12404?
12416
In base 10, what is -1689 + -151?
-1840
In base 5, what is -314203022 - 4?
-314203031
In base 3, what is 21020211000112 - 12?
21020211000100
In base 14, what is -1b + 124c?
1231
In base 12, what is -1563 - 31?
-1594
In base 10, what is -199 + -17?
-216
In base 10, what is 7 - 427069?
-427062
In base 6, what is 332353 + -10?
332343
In base 15, what is -4 + -151?
-155
In base 5, what is 1212043 + -2?
1212041
In base 15, what is 249 - -43?
28c
In base 9, what is -221 + 1450?
1228
In base 5, what is 2 + -3431342?
-3431340
In base 16, what is -1 - 1e8ed?
-1e8ee
In base 8, what is 4656 + 562?
5440
In base 3, what is 220 - -11122222?
11200212
In base 6, what is 3 + 110314?
110321
In base 7, what is 412 + -234?
145
In base 6, what is -1 - -124123?
124122
In base 13, what is -5 + 1a94?
1a8c
In base 10, what is -2992 + -29?
-3021
In base 10, what is -11897 + -168?
-12065
In base 10, what is 15055 + -65?
14990
In base 8, what is 1 + -160253?
-160252
In base 7, what is 236341 + 0?
236341
In base 10, what is -5 + 21789?
21784
In base 3, what is -212220 - -12211?
-200002
In base 14, what is -5d2b - -64?
-5ca7
In base 5, what is -2242 - -11124?
3332
In base 10, what is -38162 + 3?
-38159
In base 13, what is 0 + 16a740?
16a740
In base 14, what is 116 - 178?
-62
In base 2, what is -111100010 - -10101001100?
1101101010
In base 14, what is 1515 + 15?
152a
In base 14, what is 3207a - 2?
32078
In base 6, what is 24 - -22244?
22312
In base 7, what is 40254 - -4?
40261
In base 11, what is -3 - -64311a?
643117
In base 7, what is -3 - -4505562?
4505556
In base 14, what is 2 + 39416b?
39416d
In base 9, what is -2880 + -10?
-3000
In base 13, what is 27 + -143a2?
-14378
In base 4, what is -222303 - -1213?
-221030
In base 4, what is -230230 - -31?
-230133
In base 13, what is 69c8 + 2?
69ca
In base 3, what is 210022011221 - 11?
210022011210
In base 6, what is 3 + 151245?
151252
In base 2, what is 101011001 + -10011111110?
-1110100101
In base 15, what is -2bac + 5?
-2ba7
In base 7, what is 14306 - -535?
15144
In base 12, what is -b5870 + -5?
-b5875
In base 6, what is -2 + 303020?
303014
In base 11, what is -195 + -a0?
-285
In base 9, what is 4 - -61761?
61765
In base 15, what is -5 - 1ee4e?
-1ee54
In base 16, what is -16009 - 4?
-1600d
In base 16, what is -12d9 - 8b?
-1364
In base 16, what is 250fb8 + 1?
250fb9
In base 14, what is -9150 - -16?
-9138
In base 16, what is -415 + -1?
-416
In base 11, what is 462a - -1?
4630
In base 12, what is 1b - -1157?
1176
In base 11, what is -2493283 + 4?
-249327a
In base 7, what is 561 + -13026?
-12135
In base 5, what is 3103212 - -10?
3103222
In base 15, what is b + 1080?
108b
In base 9, what is -31 - 11866?
-12007
In base 14, what is 8 - -194c8?
194d2
In base 14, what is -10 + -27060?
-27070
In base 6, what is -4115 + -52153?
-100312
In base 2, what is 1 + 100000100000101001111?
100000100000101010000
In base 8, what is -2 + 2365000?
2364776
In base 8, what is 4 + 22754?
22760
In base 2, what is -1 - -10101100010101101?
10101100010101100
In base 4, what is 22002 - -3012?
31020
In base 13, what is -2 + 51aaa0?
51aa9b
In base 2, what is 10000000000 - -10010000?
10010010000
In base 12, what is -112 + 218?
106
In base 9, what is 10044 - -4?
10048
In base 4, what is -131 + 3110003?
3103212
In base 16, what is -5 + -358c?
-3591
In base 15, what is 5 - 13d4?
-13ce
In base 12, what is -b92 + -236a?
-3340
In base 10, what is 203175 - 5?
203170
In base 14, what is -4a + 94?
48
In base 10, what is -426873 + -1?
-426874
In base 5, what is 4 - -2143140?
2143144
In base 7, what is -224410 - 5?
-224415
In base 16, what is 14eb - 4e?
149d
In base 5, what is 12114 + -1141?
10423
In base 6, what is 115 - -23344?
23503
In base 9, what is -57621 - 0?
-57621
In base 5, what is -112 - -12310?
12143
In base 6, what is 454 + 1425?
2323
In base 7, what is -20 + -10215?
-10235
In base 7, what is 10564 - -11?
10605
In base 15, what is 95 - -a455?
a4ea
In base 9, what is -3 - 1782?
-1785
In base 5, what is 43233 + -32?
43201
In base 5, what is 1 - -301224?
301230
In base 6, what is 144 - 1011?
-423
In base 2, what is -100011101111 - 111101?
-100100101100
In base 15, what is 4e - -3136?
3185
In base 2, what is -1110110111 + 110101?
-1110000010
In base 8, what is -2 - -275452?
275450
In base 5, what is 1 + 10132003?
10132004
In base 15, what is b - 40247?
-4023b
In base 12, what is -3559 + -5a?
-35b7
In base 5, what is -21 - 1234044?
-1234120
In base 12, what is -5 + 80391?
80388
In base 10, what is 28 - -7617?
7645
In base 5, what is -2310120 + 33?
-2310032
In base 2, what is 1110101011010001010100 + -10?
1110101011010001010010
In base 15, what is 135d2 - 5?
135cc
In base 14, what is -38 + -5?
-3d
In base 16, what is 2 - 65b0?
-65ae
In base 15, what is -26e + -17?
-286
In base 6, what is 3 + -42225?
-42222
In base 12, what is 916a + 3?
9171
In base 2, what is 1000001 + -111100110?
-110100101
In base 11, what is -159 - -1835?
1687
In base 11, what is -10 - 1336?
-1346
In base 13, what is -10 - -61b09?
61ac9
In base 4, what is -1 + -10222321?
-10222322
In base 8, what is 53523 + -42?
53461
In base 11, what is 5a331 - 4?
5a328
In base 6, what is -215 - -2311?
2052
In base 6, what is -354 - 102115?
-102513
In base 3, what is 21222 - 1012012?
-220020
In base 14, what is -c52 - -646?
-60a
In base 2, what is 10100100000010110 + 110?
10100100000011100
In base 6, what is 54130422 - -2?
54130424
In base 13, what is 4 + -107863?
-10785c
In base 4, what is 102302313 - -10?
102302323
In base 8, what is -1017 + 1610?
571
In base 4, what is 11133 + -11332?
-133
In base 15, what is 5 + 5c867?
5c86c
In base 15, what is 0 - 6ab86?
-6ab86
In base 11, what is -2 + -3250?
-3252
In base 6, what is -10024 - -43?
-5541
In base 14, what is 2 - -a038?
a03a
In base 10, what is 646366 - -1?
646367
In base 12, what is 20 - 252?
-232
In base 10, what is 3327 - 92?
3235
In base 9, what is 1 + 37558?
37560
In base 3, what is -20 - -1112012100?
1112012010
In base 9, what is -71776 + 46?
-71730
In base 11, what is 46 + -2031?
-1a96
In base 14, what is 5 + -89321?
-8931a
In base 8, what is -1 - -11133?
11132
In base 15, what is -118 - 209?
-322
In base 14, what is 15 - d28?
-d13
In base 8, what is 207511 - 2?
207507
In base 14, what is 11a - -120?
23a
In base 15, what is -39b - 141?
-4dc
In base 2, what is 11000110000011011 - -11000?
11000110000110011
In base 7, what is 3 + -340462?
-340456
In base 16, what is -6c + ff?
93
In base 12, what is -229 - -87?
-162
In base 2, what is -100101011000110 + 1101?
-100101010111001
In base 8, what is 14 + -641710?
-641674
In base 2, what is 11101 - -101010101110?
101011001011
In base 14, what is 114 + 10?
124
In base 16, what is 5 - 3396?
-3391
In base 16, what is 5475 + 3?
5478
In base 11, what is -8 - 27989?
-27996
In base 5, what is -3 - 2342230?
-2342233
In base 14, what is 8 - 27c3a?
-27c32
In base 14, what is c - 1061?
-1053
In base 12, what is 1 + 7494a?
7494b
In base 11, what is 5 - 3a8644?
-3a863a
In base 16, what is -2 - -25ee6?
25ee4
In base 13, what is 12aa49 + 3?
12aa4c
In base 14, what is -9 - -2bb8?
2bad
In base 3, what is -10 + 122210010100?
122210010020
In base 8, what is 2610423 - 1?
2610422
In base 16, what is 6c - -503?
56f
In base 14, what is -7a95 - -1?
-7a94
In base 16, what is 0 + -f0cb?
-f0cb
In base 11, what is -5813 - 474?
-6187
In base 5, what is -21241424 + 4?
-21241420
In base 14, what is -4 - -1557a3?
15579d
In base 15, what is -4337 - 1?
-4338
In base 8, what is 316420 + 2?
316422
In base 16, what is -1 - -b7db?
b7da
In base 2, what is 1101001101 - -101011100?
10010101001
In base 14, what is 5114d + -1?
5114c
In base 15, what is 38 - 3e?
-6
In base 11, what is -55 - -409?
364
In base 5, what is -4 + -30112203?
-30112212
In base 4, what is 12 - 32021301?
-32021223
In base 5, what is -3424004 + -10?
-3424014
In base 16, what is -1 + 23c1?
23c0
In base 11, what is 9a349 - -1?
9a34a
In base 10, what is -473 - -3212?
2739
In base 12, what is -28a3 - -2?
-28a1
In base 6, what is 0 - -15015?
15015
In base 9, what is -15 - -6244?
6228
In base 6, what is 12 + 213124?
213140
In base 10, what is 5 - 119240?
-119235
In base 9, what is 101 - 847?
-746
In base 4, what is -12 - 30101112?
-30101130
In 